0, -x - 4*x - 4*f = -j. What is the tens digit of x?
2
Suppose 5*i - 5743 - 8667 = 0. What is the thousands digit of i?
2
Let f(p) = -p**3 + 14*p**2 + 24*p + 40. Let s(x) = -2*x**3 + 27*x**2 + 49*x + 80. Let z(o) = -5*f(o) + 2*s(o). What is the units digit of z(18)?
2
Let v(x) = 2*x**3 + 31*x + 5403. What is the units digit of v(0)?
3
Let q(w) = w - 14. Let z be q(5). Let f(i) = 2*i**2 + 17*i - 6. Let r be f(z). Let y(g) = 24*g - 6. What is the tens digit of y(r)?
6
What is the tens digit of (-1393860)/(-255) - 20/170?
6
Let w = -20 + 585. What is the tens digit of w?
6
Let u = -58 - -62. Suppose -u*f + d = -390, 2*f + 2*f - 394 = -d. What is the units digit of f?
8
Let a(u) = u**3 - 2*u**2 - 3*u - 2. Let p be a(3). Let o(j) = -3*j**3 + j**2 + 2*j - 2. Let x be o(p). Let y = 31 - x. What is the units digit of y?
9
Let j(a) = a + 10. Let f be j(-5). Let p(x) = 0*x + x**3 + 0*x - f*x + 3 + 4*x**2. What is the units digit of p(-5)?
3
Let o = -805 - -1416. What is the units digit of o?
1
Suppose -5*o + 8 = -2747. What is the units digit of o?
1
Suppose -15 = 5*h, -4*y + 3*h = -6*y - 5. Let q = 15 - 15. Suppose q*i + 3*k + 24 = y*i, 0 = 2*k - 4. What is the units digit of i?
5
What is the units digit of (541 + 3 + -4)/(3/2)?
0
What is the hundreds digit of 2660/19 + -5 + 1?
1
Let s(d) be the third derivative of d**5/30 - 3*d**4/8 - 4*d**3/3 - 5*d**2. What is the units digit of s(8)?
8
Suppose -5*p + 57 + 38 = 0. What is the units digit of p?
9
Suppose -j + 656 = -4*p, -3328 = -6*j + j - 4*p. Suppose -5*g + 644 = 4*r, -g = 4*g - r - j. Suppose -2*c - g = -6*c. What is the tens digit of c?
3
Let t be (-10 - -1)/(24/(-160)). Suppose 3*k + k = t. Suppose -4*y = 2*n - 30, 3*y = 5*n - 2*y - k. What is the units digit of n?
7
Suppose 0 = -4*x - 6*k + 3*k + 393, -4*x + 397 = -k. Let y = x - 61. What is the units digit of y?
8
Let d(b) = -2*b**2 - 25*b - 14. What is the units digit of d(-7)?
3
Let t(o) = 31*o**3 - 7*o**2 + 12*o + 37. What is the hundreds digit of t(5)?
7
Suppose 41*c - 35*c = 7368. What is the thousands digit of c?
1
Let a = 77 + -64. Let n = a - -164. What is the units digit of n?
7
What is the hundreds digit of -6 + 2 + (3 - -251)?
2
Suppose 0 = -4*y + 3617 + 531. What is the hundreds digit of y?
0
Let s be 7*(-2)/(-7)*6/4. Suppose -421 = -s*v - 22. What is the units digit of v?
3
Suppose -9 + 4 = 5*k, 4*t - 4*k - 888 = 0. Let b = -56 + t. What is the tens digit of b?
6
Suppose 21*r = 24*r. Suppose 0 = 2*a - 20. Suppose 5*z = -4*m + a, 3*m - m + 10 = r. What is the units digit of z?
6
Let k(o) = o**3 + 3*o**2 + 2*o - 2. Let y be k(-2). Let c be 0*(-1 - 1)/y. Suppose -2*v - 5*q + 38 = c, -3*v - 2*v = 2*q - 95. What is the units digit of v?
9
Let b(j) = -j**2 + 6*j + 6. Suppose 22 = 3*z + a, -4*z - 5*a + 12 + 32 = 0. Let p be b(z). Suppose -28 = p*s - 7*s. What is the units digit of s?
8
Suppose -5*r = -5, r = 5*s - 680 - 54. Suppose 0 = 4*v - 7*v + s. What is the tens digit of v?
4
Let z(f) = 19 - 2*f - 11 - 12 + 2*f**2. What is the tens digit of z(-5)?
5
Let q = 1 - 1. Suppose 13 = 9*p - 14. Suppose 4*z = 3*k - 197, q = -p*k + 3*z - 7*z + 205. What is the units digit of k?
7
Let k(i) be the third derivative of -3*i**6/40 + i**5/20 + i**4/24 - 2*i**3/3 - 10*i**2. What is the tens digit of k(-2)?
7
Suppose -123 = -3*d + 21. Let h = d - 70. Let c = -15 - h. What is the units digit of c?
7
Let h(r) = 122*r - 42. What is the tens digit of h(6)?
9
Let v(j) = -j - 7. Let i be v(-12). Suppose -i*c + 101 = 3*o, -c = -3*o + 96 + 17. Suppose 3*y - 11 - o = 0. What is the tens digit of y?
1
Let m(d) = -d**3 + 10*d**2 + 11*d + 3. Let g be m(11). Suppose 22 = g*y - 5*y - 3*z, 8 = 4*z. Let i = -13 - y. What is the units digit of i?
1
Let m(d) = 11*d**3 + d**2 - 5*d - 4. Let f be m(-3). What is the units digit of (-3 - f)/(2*(-2 + 3))?
7
Let u = -216 + 828. What is the units digit of u?
2
Let b = 31 + -38. Let n(q) = -17*q - 1. What is the units digit of n(b)?
8
Let n be (-5)/25 - (-476)/5. Suppose -3*u + n = -2*b + 4*b, 2*u - 194 = -4*b. What is the units digit of (-3 + 5 + -1)*b?
9
Let d(y) = 31*y + 0*y + 17 + 17. What is the units digit of d(5)?
9
Let l(y) = 42*y - 7. Let o be l(2). Suppose i - o = -18. What is the units digit of i?
9
Let m = -25 + 20. Let x be 1/(2 - m/(-3)). Suppose 47 = x*b + o + o, -43 = -3*b + 2*o. What is the units digit of b?
5
Let s(n) = 36*n. Suppose 34 = 8*f - 6. What is the hundreds digit of s(f)?
1
Let z be 2/(-1) + (-1 + 1)/(-1). What is the tens digit of (-1)/(-1*z/(-162))?
8
Suppose -y = -4*y + i + 305, -3*y + 3*i = -297. Let h = y + 48. What is the hundreds digit of h?
1
Suppose 2*v = -0*v - f - 4, 3*v + 15 = 3*f. What is the tens digit of 79 - ((-1)/3 + (-4)/v)?
7
Let l(w) = -w**2 + 11*w - 26. Let q be l(15). Let g = q - -167. What is the units digit of g?
1
Suppose 0 = 21*n - 3785 - 12679. What is the hundreds digit of n?
7
Let b = 1066 - 1660. What is the units digit of (2/2)/(2 - b/(-298))?
9
Let d be 90/(6 + 3) + -3 + -1. Suppose 5*b = 5*h + d*b - 640, -512 = -4*h + 4*b. What is the tens digit of h?
2
Let t = 70 + -224. Let h = -73 - t. What is the tens digit of h?
8
What is the tens digit of 56*((-80)/(-15))/((-6)/(-9))?
4
Let d be 1/(2 + -1)*-8. Let h(c) be the third derivative of -c**6/120 - 3*c**5/20 - 5*c**4/12 + 5*c**3/3 + 24*c**2. What is the units digit of h(d)?
6
Let j(q) be the third derivative of 11/24*q**4 + 0*q - 7*q**2 - 11/6*q**3 + 0. What is the tens digit of j(5)?
4
Let s(u) = 2*u**3 - 2*u**2 - u**3 - 3*u**2 + 0*u - 4*u. Let h be s(7). Suppose -32 = -6*l + h. What is the tens digit of l?
1
Let n = -79 - -79. Suppose 0 = -i + 3*m + 142, 5*i - i + 3*m - 553 = n. What is the hundreds digit of i?
1
Suppose -q - 20 + 3 = -k, q = 0. Suppose -r + k = -53. Suppose 30 + r = 5*u. What is the tens digit of u?
2
Let n = -25 - -30. What is the tens digit of (13/n)/(2/10)?
1
Let z(j) = -j**3 + 30*j**2 - 35*j + 110. What is the units digit of z(21)?
4
Let o(s) be the second derivative of -s**4/12 + 3*s**3/2 - 2*s**2 + s. Let k be o(6). Let d = 3 + k. What is the tens digit of d?
1
Let l = 5 - 1. Suppose o + l*o + 3*f = 194, f = 4*o - 162. What is the tens digit of o?
4
Let s = -3 + 38. Suppose h - 5*t = s, 2*h - 9 = 3*t + 47. What is the units digit of h?
5
Let i = -2 + 55. Suppose -77 - i = -5*n. Suppose -p = -2*k - 70, p + 3*k - n = 39. What is the tens digit of p?
6
Let t(d) = -d**3 - 11*d**2 - 11*d - 8. Let c be t(-10). Suppose -c*g - 90 = -3*k, 111 = 3*k - 0*k + 5*g. Suppose k + 22 = 2*r. What is the tens digit of r?
2
What is the hundreds digit of (630/(-10))/(-9) + 356?
3
Suppose -3*k + 5*k - 2 = -h, 4*k - 4 = -4*h. Suppose 3*i + r - 3*r = -101, h = -3*i - r - 89. Let o = i - -52. What is the units digit of o?
1
Suppose 7254 = -6*w + 12*w. What is the hundreds digit of w?
2
Let d(v) = v**3 + 12*v**2 - 2*v + 7. Let u(k) = -2*k**3 - 23*k**2 + 3*k - 13. Let q(p) = -7*d(p) - 4*u(p). What is the units digit of q(-6)?
3
Let j(d) = 3*d**2 - 17*d + 16. Let p be j(6). Let s(o) = o + 9. Let b be s(-4). Suppose m - b = p. What is the tens digit of m?
2
Suppose 0*d = -d - s + 2, 4*d = -3*s + 4. What is the units digit of ((-169)/(-26))/(d/(-4))?
3
Suppose -9*u = 84 + 51. Let r = 16 - u. What is the tens digit of r?
3
Suppose -4*m - 6*w = -7*w - 1671, 3*w = 5*m - 2080. What is the units digit of m?
9
What is the hundreds digit of (-837)/2*-2 - 2?
8
Suppose 717 = 11*w - 8*w. What is the hundreds digit of w?
2
Suppose -55*l = -50*l - 3595. What is the units digit of l?
9
Suppose 2*c - 3*c = -3*g + 504, -g = 4*c - 181. What is the tens digit of g?
6
Suppose -7*z - 14706 = -25*z. What is the hundreds digit of z?
8
Suppose -5*z - l = 71, 7*l - 3*l - 31 = z. Let j = 19 + z. Suppose -k - j*i = -38, -2 = -2*k + k + 5*i. What is the units digit of k?
2
Let z = -42 - -45. Suppose -z*u - 3*j + 31 = -8*j, -5*u + 62 = 2*j. What is the tens digit of u?
1
Let x = -315 - -578. What is the units digit of x?
3
Let h(j) = -8*j + 1531. What is the thousands digit of h(0)?
1
Suppose -5*m = 4*u - 788, -4*m + 6 - 22 = 0. What is the hundreds digit of u?
2
What is the units digit of 4 - 1164*((-27)/6 + 4)?
6
Let s = 8 + -12. Let c(x) = x**2 + 10*x + 20. Let f be c(-2). Let i = f - s. What is the units digit of i?
8
Let x(p) = 2*p**2 - 6